{"id":76,"date":"2009-02-17T12:01:40","date_gmt":"2009-02-17T11:01:40","guid":{"rendered":"http:\/\/www.finnerikvinje.no\/tunhovdfjorden\/?page_id=76"},"modified":"2009-07-27T22:06:11","modified_gmt":"2009-07-27T21:06:11","slug":"ymse","status":"publish","type":"page","link":"http:\/\/www.finnerikvinje.no\/tunhovdfjorden\/?page_id=76","title":{"rendered":"Ymse"},"content":{"rendered":"<p><strong>Bilder fra Tunhovd og \u00d8ygardsgrend 6.mai. <\/strong>Tatt av Marius Simonsen<\/p>\n<div style=\"width: 160px\" class=\"wp-caption alignnone\"><a rel=\"shadowbox\" href=\"http:\/\/www.finnerikvinje.no\/tunhovdfjorden\/bilder\/sw_ymse\/index.html\"><img loading=\"lazy\" decoding=\"async\" src=\"http:\/\/www.finnerikvinje.no\/tunhovdfjorden\/bilder\/sw_small.jpg\" alt=\"\" width=\"150\" height=\"73\" \/><\/a><p class=\"wp-caption-text\">Bildegalleri<\/p><\/div>\n<p><img decoding=\"async\" src=\"file:\/\/\/Users\/sigrun\/Desktop\/Bilde%202.png\" alt=\"\" \/><\/p>\n<p>Simonsen, som har hytte p\u00e5 vestsiden, ca. en km fra P\u00e5lsbudammen, sp\u00f8r: N\u00e5r er arbeidene ved \u00d8ygardsgrend ferdig, slik at de kan begynne \u00e5 fylle opp fjorden igjen?<\/p>\n<p>Per i dag fortsetter de \u00e5 t\u00f8mme fjorden ved \u00e5 sende vannet ned lia til Numedal. Det er bare \u00e5 konstatere at nok ett \u00e5rskull av r\u00f8ye har g\u00e5tt fl\u00f8yten!<\/p>\n<p>Simonsen skriver i et nytt brev den 22. mai at n\u00e5 er fjorden p\u00e5 full fart oppover, og folk kan begynne \u00e5 forberede sj\u00f8setting av b\u00e5tene sine.<\/p>\n<p><span style=\"font-weight: normal; font-size: 10pt; color: black; font-family: Verdana; mso-fareast-font-family: 'Times New Roman'; mso-ansi-language: NO-BOK; mso-fareast-language: NO-BOK; mso-bidi-language: AR-SA; mso-bidi-font-size: 12.0pt; mso-bidi-font-family: 'Times New Roman';\"><strong>Neste bilde viser kanal som ble utsprengt\/utgravd i Bustr\u00f8m i forbindelse med senkningen av Bekkefjorden.<\/strong> Bilde tatt av Arnt Jacobsen.<\/span><\/p>\n<p><span style=\"font-weight: normal; font-size: 10pt; color: black; font-family: Verdana; mso-fareast-font-family: 'Times New Roman'; mso-ansi-language: NO-BOK; mso-fareast-language: NO-BOK; mso-bidi-language: AR-SA; mso-bidi-font-size: 12.0pt; mso-bidi-font-family: 'Times New Roman';\"><img loading=\"lazy\" decoding=\"async\" class=\"alignnone size-full wp-image-109\" title=\"Tunhovdfjorden\" src=\"http:\/\/www.finnerikvinje.no\/tunhovdfjorden\/wp-content\/uploads\/tunhovdfjorden1.bmp\" alt=\"tunhovdfjorden1\" width=\"538\" height=\"352\" \/><\/span><\/p>\n<p class=\"MsoNormal\" style=\"margin: 0cm 0cm 0pt;\"><span style=\"font-size: 10pt; font-family: Verdana; mso-bidi-font-size: 12.0pt;\">Arbeidene ble utf\u00f8rt ca.1915 i forbindelse med utbyggingen av Nore I.<\/span><\/p>\n<p class=\"MsoNormal\" style=\"margin: 0cm 0cm 0pt;\"><span style=\"font-size: 10pt; font-family: Verdana; mso-bidi-font-size: 12.0pt;\">Det gamle elveleie (Numedals l\u00e5gen) kan man se til venstre for den utsprengte kanalen. <\/span><\/p>\n<p class=\"MsoBodyText\" style=\"margin: 0cm 0cm 0pt;\"><span style=\"font-weight: normal; font-size: 10pt; mso-bidi-font-size: 12.0pt;\">Ut i fra dette kan man anta at Bekkefjorden ble senket ca.3m. <\/span><\/p>\n<p class=\"MsoBodyText\" style=\"margin: 0cm 0cm 0pt;\"><span style=\"font-weight: normal; font-size: 10pt; mso-bidi-font-size: 12.0pt;\">Hvis noen har mer sikre tall for dette kan det meddeles Arnt Jacobsen (mob: 950 42 730). Bildet ble tatt i april 2008 av Arnt Jacobsen og han har aldri sett kanalen s\u00e5 lav. Det var faktisk stillest\u00e5ende vann mellom Bekkefjorden og Tonevikfjorden.<\/span><\/p>\n","protected":false},"excerpt":{"rendered":"<p>Bilder fra Tunhovd og \u00d8ygardsgrend 6.mai. Tatt av Marius Simonsen Simonsen, som har hytte p\u00e5 vestsiden, ca. en km fra P\u00e5lsbudammen, sp\u00f8r: N\u00e5r er arbeidene ved \u00d8ygardsgrend ferdig, slik at de kan begynne \u00e5 fylle opp fjorden igjen? Per i dag fortsetter de \u00e5 t\u00f8mme fjorden ved \u00e5 sende vannet ned lia til Numedal. Det [&hellip;]<\/p>\n","protected":false},"author":1,"featured_media":0,"parent":0,"menu_order":0,"comment_status":"open","ping_status":"open","template":"","meta":{"_monsterinsights_skip_tracking":false,"_monsterinsights_sitenote_active":false,"_monsterinsights_sitenote_note":"","_monsterinsights_sitenote_category":0,"footnotes":""},"class_list":["post-76","page","type-page","status-publish","hentry"],"_links":{"self":[{"href":"http:\/\/www.finnerikvinje.no\/tunhovdfjorden\/index.php?rest_route=\/wp\/v2\/pages\/76"}],"collection":[{"href":"http:\/\/www.finnerikvinje.no\/tunhovdfjorden\/index.php?rest_route=\/wp\/v2\/pages"}],"about":[{"href":"http:\/\/www.finnerikvinje.no\/tunhovdfjorden\/index.php?rest_route=\/wp\/v2\/types\/page"}],"author":[{"embeddable":true,"href":"http:\/\/www.finnerikvinje.no\/tunhovdfjorden\/index.php?rest_route=\/wp\/v2\/users\/1"}],"replies":[{"embeddable":true,"href":"http:\/\/www.finnerikvinje.no\/tunhovdfjorden\/index.php?rest_route=%2Fwp%2Fv2%2Fcomments&post=76"}],"version-history":[{"count":7,"href":"http:\/\/www.finnerikvinje.no\/tunhovdfjorden\/index.php?rest_route=\/wp\/v2\/pages\/76\/revisions"}],"predecessor-version":[{"id":80,"href":"http:\/\/www.finnerikvinje.no\/tunhovdfjorden\/index.php?rest_route=\/wp\/v2\/pages\/76\/revisions\/80"}],"wp:attachment":[{"href":"http:\/\/www.finnerikvinje.no\/tunhovdfjorden\/index.php?rest_route=%2Fwp%2Fv2%2Fmedia&parent=76"}],"curies":[{"name":"wp","href":"https:\/\/api.w.org\/{rel}","templated":true}]}}

<p><strong>Bilder fra Tunhovd og Øygardsgrend 6.mai. </strong>Tatt av Marius Simonsen</p>
<div style="width: 160px" class="wp-caption alignnone"><a rel="shadowbox" href="http://www.finnerikvinje.no/tunhovdfjorden/bilder/sw_ymse/index.html"><img loading="lazy" decoding="async" src="http://www.finnerikvinje.no/tunhovdfjorden/bilder/sw_small.jpg" alt="" width="150" height="73" /></a><p class="wp-caption-text">Bildegalleri</p></div>
<p><img decoding="async" src="file:///Users/sigrun/Desktop/Bilde%202.png" alt="" /></p>
<p>Simonsen, som har hytte på vestsiden, ca. en km fra Pålsbudammen, spør: Når er arbeidene ved Øygardsgrend ferdig, slik at de kan begynne å fylle opp fjorden igjen?</p>
<p>Per i dag fortsetter de å tømme fjorden ved å sende vannet ned lia til Numedal. Det er bare å konstatere at nok ett årskull av røye har gått fløyten!</p>
<p>Simonsen skriver i et nytt brev den 22. mai at nå er fjorden på full fart oppover, og folk kan begynne å forberede sjøsetting av båtene sine.</p>
<p><span style="font-weight: normal; font-size: 10pt; color: black; font-family: Verdana; mso-fareast-font-family: 'Times New Roman'; mso-ansi-language: NO-BOK; mso-fareast-language: NO-BOK; mso-bidi-language: AR-SA; mso-bidi-font-size: 12.0pt; mso-bidi-font-family: 'Times New Roman';"><strong>Neste bilde viser kanal som ble utsprengt/utgravd i Bustrøm i forbindelse med senkningen av Bekkefjorden.</strong> Bilde tatt av Arnt Jacobsen.</span></p>
<p><span style="font-weight: normal; font-size: 10pt; color: black; font-family: Verdana; mso-fareast-font-family: 'Times New Roman'; mso-ansi-language: NO-BOK; mso-fareast-language: NO-BOK; mso-bidi-language: AR-SA; mso-bidi-font-size: 12.0pt; mso-bidi-font-family: 'Times New Roman';"><img loading="lazy" decoding="async" class="alignnone size-full wp-image-109" title="Tunhovdfjorden" src="http://www.finnerikvinje.no/tunhovdfjorden/wp-content/uploads/tunhovdfjorden1.bmp" alt="tunhovdfjorden1" width="538" height="352" /></span></p>
<p class="MsoNormal" style="margin: 0cm 0cm 0pt;"><span style="font-size: 10pt; font-family: Verdana; mso-bidi-font-size: 12.0pt;">Arbeidene ble utført ca.1915 i forbindelse med utbyggingen av Nore I.</span></p>
<p class="MsoNormal" style="margin: 0cm 0cm 0pt;"><span style="font-size: 10pt; font-family: Verdana; mso-bidi-font-size: 12.0pt;">Det gamle elveleie (Numedals lågen) kan man se til venstre for den utsprengte kanalen. </span></p>
<p class="MsoBodyText" style="margin: 0cm 0cm 0pt;"><span style="font-weight: normal; font-size: 10pt; mso-bidi-font-size: 12.0pt;">Ut i fra dette kan man anta at Bekkefjorden ble senket ca.3m. </span></p>
<p class="MsoBodyText" style="margin: 0cm 0cm 0pt;"><span style="font-weight: normal; font-size: 10pt; mso-bidi-font-size: 12.0pt;">Hvis noen har mer sikre tall for dette kan det meddeles Arnt Jacobsen (mob: 950 42 730). Bildet ble tatt i april 2008 av Arnt Jacobsen og han har aldri sett kanalen så lav. Det var faktisk stillestående vann mellom Bekkefjorden og Tonevikfjorden.</span></p>

<p>Bilder fra Tunhovd og Øygardsgrend 6.mai. Tatt av Marius Simonsen Simonsen, som har hytte på vestsiden, ca. en km fra Pålsbudammen, spør: Når er arbeidene ved Øygardsgrend ferdig, slik at de kan begynne å fylle opp fjorden igjen? Per i dag fortsetter de å tømme fjorden ved å sende vannet ned lia til Numedal. Det [&hellip;]</p>
