{"id":6,"date":"2009-01-24T11:09:32","date_gmt":"2009-01-24T10:09:32","guid":{"rendered":"http:\/\/www.finnerikvinje.no\/tunhovdfjord\/?page_id=6"},"modified":"2009-02-02T12:31:19","modified_gmt":"2009-02-02T11:31:19","slug":"historikk","status":"publish","type":"page","link":"http:\/\/www.finnerikvinje.no\/tunhovdfjorden\/?page_id=6","title":{"rendered":"Historikk"},"content":{"rendered":"<p>DET BEGYNTE I 2005<\/p>\n<p>Tunhovdfjordens venner ble spontant etablert med et interimsstyre 2005\u20132006. Den er en ideell forening oppst\u00e5tt blant friluftsinteresserte mennesker med tilknytning til Tunhovdfjorden \u2013 grunneiere, fastboende, n\u00e6ringsdrivende, hytteeiere, sportsfiskere, b\u00e5tfolk. Felles for dem er at de \u00f8nsker \u2013 som det heter i vedtektene \u2013 \u00e5 fremme en forsvarlig forvaltning av de naturressurser som er knyttet til Tunhovdfjorden og milj\u00f8et rundt den.<\/p>\n<p>I 2007 er foreningen blitt organisert i fastere former, og interimsstyret er avl\u00f8st av et styre valgt p\u00e5 \u00e5rsm\u00f8tet den 29. september 2007 i Fjellvang i \u00d8ygardsgrend.\u00a0 Klikk Styret.<\/p>\n<p>SJOKK\u00c5RET\u00a0 2006<\/p>\n<p>Sommeren 2006 var en tung tid for alle som hadde sin ferdsel i traktene rundt Tunhovdfjorden. Lite nedb\u00f8r og hardhendt nedtapping medf\u00f8rte meget lav vannstand og forringet naturopplevelsen for alle med tilknytning til fjorden. Den ellers s\u00e5 vakre fjorden framstod n\u00e6rmest som et elvel\u00f8p gjennom et goldt \u00f8rkenlandskap, og b\u00e5tlivet og fisket ble vanskeliggjort eller umuliggjort. Omr\u00e5det var ikke lenger attraktivt \u2013 hverken for turister eller for andre.<\/p>\n<p>Den vanlige man\u00f8vreringen i Tunhovdfjorden har gjennom \u00e5rene v\u00e6rt \u00e5 tappe ned magasinene utover vinteren, med laveste vannstand like f\u00f8r v\u00e5rsmeltningen. Deretter ble magasinene fylt i l\u00f8pet av v\u00e5ren og forsommeren, eventuelt med fullt magasin p\u00e5 ettersommeren og h\u00f8sten. N\u00e5 produseres det str\u00f8m s\u00e5 det monner ogs\u00e5 p\u00e5 sommeren. Kraft er blitt en salgsvare i Europa.<\/p>\n<p>Det inneb\u00e6rer at magasinene tappes i den biologisk viktigste perioden for fisken.<\/p>\n<p>FOLKEM\u00d8TET I JUNI 2007<\/p>\n<p>Foreningen Tunhovdfjordens venner fikk et kraftig oppsving\u00a0 som f\u00f8lge av disse kriseartede forholdene. Man kan snakke om et grasrotoppr\u00f8r.<\/p>\n<p>Den 30. juni 2007 ble det s\u00e5ledes i foreningens regi holdt et s\u00e6rdeles godt bes\u00f8kt folkem\u00f8te p\u00e5 grendehuset Fjellvang i \u00d8ygardsgrend. Framtredende kommune-, fylkes- og Stortings-politikere var invitert for \u00e5 kaste lys over de problemer som den hardhendte nedtappingen av Tunhovdfjorden medf\u00f8rer. Direkt\u00f8r Jan Gaute Bjerke i Numedals-Laugens Brugseierforening deltok ogs\u00e5, og en rekke bygdefolk og andre framm\u00f8tte bidrog til en livlig og engasjert diskusjon.<\/p>\n<p>Folkem\u00f8tet ble som sagt godt bes\u00f8kt; n\u00e6rmere 200 mennesker m\u00f8tte fram for \u00e5 manifestere sin vilje til \u00e5 forsvare de verdier som er knyttet til Tunhovdfjorden. Aldri tidligere har det v\u00e6rt holdt et s\u00e5 stort folkem\u00f8te i \u00d8ygardsgrend, og det ble store oppslag i pressen. Men det er viktig \u00e5 v\u00e6re klar over at m\u00f8tet ikke bare var et protestm\u00f8te, det var dessuten planlagt som \u2013 og fungerte som \u2013 informasjonsformidling.<\/p>\n<p>Styret legger nemlig til grunn at arbeidet for fjorden og milj\u00f8et rundt den skal skje p\u00e5 basis av sakkunnskap og -innsikt, og vi vil opprettholde et tett samarbeid med b\u00e5de politikere og fagpersoner p\u00e5 omr\u00e5det. Styreformannen har s\u00e5ledes i Oslo v\u00e6rt i personlig kontakt med stortingspolitikere fra flere partier for \u00e5 stimulere deres interesse for v\u00e5r sak. Dessuten kan det nevnes at det p\u00e5 initiativ fra Nore og Uvdal Senterparti og tidligere ordf\u00f8rer Eli Hovd Presteg\u00e5rden planlegges et m\u00f8te mellom Tunhovdfjordens venner, Nore og Uvdal kommune og\u00a0 Landssamanslutninga av vassdragskommunar (LVK).<\/p>\n<p>Stortingsrepresentant Per Olaf Lundteigen (Sp), som var en av de politikere som var til stede p\u00e5 folkem\u00f8tet i \u00d8ygardsgrend den 30. juni, uttalte p\u00e5 sensommeren (2. august 2007) til Laagendalsposten: \u201d\u2013 Til n\u00e5 har Tunhovdfjorden blitt tappet for hardt, og s\u00e6rlig i Juni. Det er ikke mer enn et \u00e5r siden vannstanden i Tunhovdfjorden var altfor lav.\u201d\u00a0 Lundteigen vil arbeide for h\u00f8yere minstevannstand i fjorden.<\/p>\n<p>Sigrun Eng, ogs\u00e5 hun stortingsrepresentant (A) fra Buskerud, har uttalt seg i samme retning.<\/p>\n<p>CA. 150 MEDLEMMER<\/p>\n<p>P\u00e5 folkem\u00f8tet i juni 2007 og i tiden etterp\u00e5 tegnet det seg i alt omkring 150 medlemmer i Tunhovdfjordens venner. Styret er meget tilfreds med denne oppslutningen og har f\u00e5tt tallrike bevis for det engasjement som legges for dagen i dette sp\u00f8rsm\u00e5let. Foreningen har engasjert seg ogs\u00e5 i andre trivselstiltak i omr\u00e5det.<\/p>\n<p>Hvert medlem betaler for tiden 50 kroner i \u00e5ret som kontingent.<\/p>\n<p>P\u00e5 reportasjetur med Drammens Tidende &#8211; \u00e5r 1919<\/p>\n<p>V\u00e5ren 1919 var Drammens Tidende p\u00e5 reportasjetur til Tunhovddammen. Journalisten skildrer turen fra Nes slik:<\/p>\n<p>&#8220;Fra Nesbyen i Hallingdal gaar der daglig lasteautomobiler med matvarer og materialer over til Tunh\u00f8vdfjorden. Uaktet jeg hadde sykkel med, maatte jeg slenge mig oppaa en slik en for at rekke baaten paa fjordene, som korresponderer med bilene. Det var ingen forn\u00f8ielse at sitte ovenpaa 8 petroleumst\u00f8nder i \u00f8sende regnv\u00e6r paa en strekning av ca. 30 km. over fjeldet. To timer varte kj\u00f8returen, og da jeg naadde \u00f8vre enden av Tunhovdfjorden var jeg helt stivfrossen og hadde da intet imot at faa r\u00f8re paa mig. Ti kroner takk, kostet denne forn\u00f8ielse.<\/p>\n<p>Nede ved fjorden laa oceanfareren &#8220;Tunh\u00f8vdfjord&#8221; f\u00e6rdig til at dra videre, saasnart bilene kom. Med en pram efter sig tilbakela den i l\u00f8pet av 3 1\/2 time ca. 20 km. &#8220;Tunh\u00f8vdfjord&#8221; gj\u00f8r hver dag en slik tur og hertil bruker han 50 liter petroleum. T\u00e6nk, 50 liter petroleum i disse tider, som andre d\u00f8delige maa be tyndt om en liter av provianteringsr\u00e5det og enda ikke faa noget. Paa reisen nedover gjennom Storefjord, B\u00e6kkenfjord, Tonnevikfjord og \u00d8igardsfjord forteller den elskverdige skipper mange interessante ting om forholdene heroppe. Mange bygdesagn knytter seg til de forskjellige pladser og fjeldtopper i Tunh\u00f8vd, men det vil falle for langt at gjengi dem her.<\/p>\n<p>Ved \u00d8igardsoset, hvor baaten la til, kan man ikke se synderlig til det\u00a0 store arbeidet, som er i gang der oppe, men nogen hundre meter l\u00e6nger ned forandrer forholdet sig i den grad at man uvilkaarlig maa stanse og sp\u00f8rre sig selv om det er sandt det en ser eller om det er \u00f8iebedrag. Rett mot en staar en stor dam og st\u00e6nger hele dalf\u00f8ret. En dansk journalist, som ogs\u00e5 har v\u00e6rt der, holdt paa at besvime, blev det fortalt mig, og det kan jeg godt tro. Ingen kan forstille sig disse v\u00e6ldige arbeider f\u00f8r han selv har sett dem. Forestill dem en mur paa Karl Johan i Kristiania, som er 26 meter tykk, ca. 300 meter lang og dobbelt saa h\u00f8y som Grand hotel, og De vil faa et lidet innblik i forholdene ved Tunhovd\u201d.<\/p>\n<p>Denne interessante historien fra den eldste anleggstiden ved Tunhovdfjorden er innsendt av Lidvard Hytta, Tunhovd.<\/p>\n","protected":false},"excerpt":{"rendered":"<p>DET BEGYNTE I 2005 Tunhovdfjordens venner ble spontant etablert med et interimsstyre 2005\u20132006. Den er en ideell forening oppst\u00e5tt blant friluftsinteresserte mennesker med tilknytning til Tunhovdfjorden \u2013 grunneiere, fastboende, n\u00e6ringsdrivende, hytteeiere, sportsfiskere, b\u00e5tfolk. Felles for dem er at de \u00f8nsker \u2013 som det heter i vedtektene \u2013 \u00e5 fremme en forsvarlig forvaltning av de naturressurser [&hellip;]<\/p>\n","protected":false},"author":1,"featured_media":0,"parent":0,"menu_order":0,"comment_status":"open","ping_status":"open","template":"","meta":{"_monsterinsights_skip_tracking":false,"_monsterinsights_sitenote_active":false,"_monsterinsights_sitenote_note":"","_monsterinsights_sitenote_category":0,"footnotes":""},"class_list":["post-6","page","type-page","status-publish","hentry"],"_links":{"self":[{"href":"http:\/\/www.finnerikvinje.no\/tunhovdfjorden\/index.php?rest_route=\/wp\/v2\/pages\/6"}],"collection":[{"href":"http:\/\/www.finnerikvinje.no\/tunhovdfjorden\/index.php?rest_route=\/wp\/v2\/pages"}],"about":[{"href":"http:\/\/www.finnerikvinje.no\/tunhovdfjorden\/index.php?rest_route=\/wp\/v2\/types\/page"}],"author":[{"embeddable":true,"href":"http:\/\/www.finnerikvinje.no\/tunhovdfjorden\/index.php?rest_route=\/wp\/v2\/users\/1"}],"replies":[{"embeddable":true,"href":"http:\/\/www.finnerikvinje.no\/tunhovdfjorden\/index.php?rest_route=%2Fwp%2Fv2%2Fcomments&post=6"}],"version-history":[{"count":3,"href":"http:\/\/www.finnerikvinje.no\/tunhovdfjorden\/index.php?rest_route=\/wp\/v2\/pages\/6\/revisions"}],"predecessor-version":[{"id":42,"href":"http:\/\/www.finnerikvinje.no\/tunhovdfjorden\/index.php?rest_route=\/wp\/v2\/pages\/6\/revisions\/42"}],"wp:attachment":[{"href":"http:\/\/www.finnerikvinje.no\/tunhovdfjorden\/index.php?rest_route=%2Fwp%2Fv2%2Fmedia&parent=6"}],"curies":[{"name":"wp","href":"https:\/\/api.w.org\/{rel}","templated":true}]}}