{"id":516,"date":"2018-12-23T15:07:55","date_gmt":"2018-12-23T14:07:55","guid":{"rendered":"http:\/\/www.finnerikvinje.no\/tunhovdfjorden\/?page_id=516"},"modified":"2018-12-25T12:12:56","modified_gmt":"2018-12-25T11:12:56","slug":"tunhovdfjordens-venner-gjenoppstar","status":"publish","type":"page","link":"http:\/\/www.finnerikvinje.no\/tunhovdfjorden\/?page_id=516","title":{"rendered":"Tunhovdfjordens venner gjenoppst\u00e5r?"},"content":{"rendered":"<p>Den 8. desember 2018 m\u00f8ttes en krets av\u00a0 medlemmer til en uformellt m\u00f8te p\u00e5 Sagodden i \u00d8ygardsgrend: Jakobsen, 2 x Kolstad, Andersen, Hallingstad, 2 x Vinje. Tunhovdfjordens venner har ligget nede noen tid &#8211; etter den aktivitet som ble lagt for dagen\u00a0 for om lag ti \u00e5r siden,\u00a0 som en reaksjon mot det h\u00e6rvek som den brutale nedtapningen for\u00e5rsaket langs strandkanten.<\/p>\n<p>Tanken med samtalem\u00f8tet i desember 2018 var \u00e5 utveksle meninger om f\u00f8lgende sp\u00f8rsm\u00e5l: Hva n\u00e5? Er foreningen liv laga? Fins det presserende arbeidsoppgaver?<\/p>\n<p>Deltakerne i samtalen var enige om at TV (Tunhovdjordens venner) b\u00f8r best\u00e5,\u00a0 men at virkefeltet b\u00f8r utvides. Det ble nevnt at P\u00e5lsbufjorden ogs\u00e5 b\u00f8r trekkes inn i interessefeltet, og for \u00f8vrig at foreningsaktiviteten ikke bare b\u00f8r\u00a0 innskrenkes til \u00d8ygardsgrend. Marie Kolstad nevnte ellers en rekke nye arbeidsoppgaver som\u00a0 en vitalisert forening kunne p\u00e5ta seg. I forlengelsen av dette ble det p\u00e5pekt at noen energiske hytteeiere p\u00e5 vestsiden av fjorden er i ferd med \u00e5 anlegge en skil\u00f8ype.<\/p>\n<p>Foreningen har en nettside som gjerne kan fungere som et kontaktorgan. Det kan v\u00e6re viktig at denne nettsiden opprettholdes.<\/p>\n<p>Konklusjonen ble at det sammenkalles til et nytt diskusjonsm\u00f8te, og at man sonderer mulighetene for \u00e5 f\u00e5 noen til p\u00e5ta seg tillitsverv.<\/p>\n<p>Referent: Finn-Erik Vinje<\/p>\n","protected":false},"excerpt":{"rendered":"<p>Den 8. desember 2018 m\u00f8ttes en krets av\u00a0 medlemmer til en uformellt m\u00f8te p\u00e5 Sagodden i \u00d8ygardsgrend: Jakobsen, 2 x Kolstad, Andersen, Hallingstad, 2 x Vinje. Tunhovdfjordens venner har ligget nede noen tid &#8211; etter den aktivitet som ble lagt for dagen\u00a0 for om lag ti \u00e5r siden,\u00a0 som en reaksjon mot det h\u00e6rvek som [&hellip;]<\/p>\n","protected":false},"author":2,"featured_media":0,"parent":0,"menu_order":0,"comment_status":"closed","ping_status":"closed","template":"","meta":{"_monsterinsights_skip_tracking":false,"_monsterinsights_sitenote_active":false,"_monsterinsights_sitenote_note":"","_monsterinsights_sitenote_category":0,"footnotes":""},"class_list":["post-516","page","type-page","status-publish","hentry"],"_links":{"self":[{"href":"http:\/\/www.finnerikvinje.no\/tunhovdfjorden\/index.php?rest_route=\/wp\/v2\/pages\/516"}],"collection":[{"href":"http:\/\/www.finnerikvinje.no\/tunhovdfjorden\/index.php?rest_route=\/wp\/v2\/pages"}],"about":[{"href":"http:\/\/www.finnerikvinje.no\/tunhovdfjorden\/index.php?rest_route=\/wp\/v2\/types\/page"}],"author":[{"embeddable":true,"href":"http:\/\/www.finnerikvinje.no\/tunhovdfjorden\/index.php?rest_route=\/wp\/v2\/users\/2"}],"replies":[{"embeddable":true,"href":"http:\/\/www.finnerikvinje.no\/tunhovdfjorden\/index.php?rest_route=%2Fwp%2Fv2%2Fcomments&post=516"}],"version-history":[{"count":2,"href":"http:\/\/www.finnerikvinje.no\/tunhovdfjorden\/index.php?rest_route=\/wp\/v2\/pages\/516\/revisions"}],"predecessor-version":[{"id":525,"href":"http:\/\/www.finnerikvinje.no\/tunhovdfjorden\/index.php?rest_route=\/wp\/v2\/pages\/516\/revisions\/525"}],"wp:attachment":[{"href":"http:\/\/www.finnerikvinje.no\/tunhovdfjorden\/index.php?rest_route=%2Fwp%2Fv2%2Fmedia&parent=516"}],"curies":[{"name":"wp","href":"https:\/\/api.w.org\/{rel}","templated":true}]}}

Tunhovdfjordens venner gjenoppstår?

<p>Den 8. desember 2018 møttes en krets av  medlemmer til en uformellt møte på Sagodden i Øygardsgrend: Jakobsen, 2 x Kolstad, Andersen, Hallingstad, 2 x Vinje. Tunhovdfjordens venner har ligget nede noen tid &#8211; etter den aktivitet som ble lagt for dagen  for om lag ti år siden,  som en reaksjon mot det hærvek som den brutale nedtapningen forårsaket langs strandkanten.</p>
<p>Tanken med samtalemøtet i desember 2018 var å utveksle meninger om følgende spørsmål: Hva nå? Er foreningen liv laga? Fins det presserende arbeidsoppgaver?</p>
<p>Deltakerne i samtalen var enige om at TV (Tunhovdjordens venner) bør bestå,  men at virkefeltet bør utvides. Det ble nevnt at Pålsbufjorden også bør trekkes inn i interessefeltet, og for øvrig at foreningsaktiviteten ikke bare bør  innskrenkes til Øygardsgrend. Marie Kolstad nevnte ellers en rekke nye arbeidsoppgaver som  en vitalisert forening kunne påta seg. I forlengelsen av dette ble det påpekt at noen energiske hytteeiere på vestsiden av fjorden er i ferd med å anlegge en skiløype.</p>
<p>Foreningen har en nettside som gjerne kan fungere som et kontaktorgan. Det kan være viktig at denne nettsiden opprettholdes.</p>
<p>Konklusjonen ble at det sammenkalles til et nytt diskusjonsmøte, og at man sonderer mulighetene for å få noen til påta seg tillitsverv.</p>
<p>Referent: Finn-Erik Vinje</p>

<p>Den 8. desember 2018 møttes en krets av  medlemmer til en uformellt møte på Sagodden i Øygardsgrend: Jakobsen, 2 x Kolstad, Andersen, Hallingstad, 2 x Vinje. Tunhovdfjordens venner har ligget nede noen tid &#8211; etter den aktivitet som ble lagt for dagen  for om lag ti år siden,  som en reaksjon mot det hærvek som [&hellip;]</p>
