{"id":16,"date":"2009-01-24T11:13:59","date_gmt":"2009-01-24T10:13:59","guid":{"rendered":"http:\/\/www.finnerikvinje.no\/tunhovdfjord\/?page_id=16"},"modified":"2009-04-14T17:50:53","modified_gmt":"2009-04-14T16:50:53","slug":"referat-styrem%c3%b8te-300908","status":"publish","type":"page","link":"http:\/\/www.finnerikvinje.no\/tunhovdfjorden\/?page_id=16","title":{"rendered":"Referat styrem\u00f8te 30.09.08"},"content":{"rendered":"<p>STYREM\u00d8TE 30. SEPTEMBER KL. 1800<\/p>\n<p>Det er innkalt til styrem\u00f8te i Tunhovdfjordens venner tirsdag den 30. september kl.1800\u00a0 i Fjellvang, \u00d8ygardsgrend.<\/p>\n<p>P\u00e5 dagsorden st\u00e5r oppsummering av junim\u00f8tet og dr\u00f8fting av framtidsperspektiver i arbeidet med Tunhovdfjordens ve og vel.<\/p>\n<p>Ole-J\u00f8rgen Hallingstad og Finn-Erik Vinje redegj\u00f8r for m\u00f8tet i august med Landssamanslutninga av vassdragskommunar. P\u00e5 dette m\u00f8tet, som ble holdt i Oslo, deltok ogs\u00e5 ordf\u00f8rer Kirsten Gjestemoen Hovda.<\/p>\n<p>Finn-Erik Vinje<br \/>\nformann<\/p>\n<p>REFERAT FRA STYREM\u00d8TE\u00a0 30.9.2008<\/p>\n<p>Dato og klokkeslett:<\/p>\n<p>30. september 2008 kl 1800 \u2013 2000<\/p>\n<p>Sted:<\/p>\n<p>Fjellvang i \u00d8ygardsgrend<\/p>\n<p>Til stede:<\/p>\n<p>Finn-Erik Vinje, Arnt Jacobsen, Jorunn Andersen, John Stordalen og Halvor Bj\u00f8rnsrud<\/p>\n<p>Informasjon<\/p>\n<p>&#8211;\u00a0\u00a0\u00a0\u00a0\u00a0\u00a0\u00a0\u00a0\u00a0 Formannen informerte om m\u00f8tet med Landssammenslutningen av\u00a0 vassdragskommunene (LVK). Med p\u00e5 m\u00f8tet var ogs\u00e5 ordf\u00f8rer Kirsten Gjestemoen Hovda og styremedlem Ole J\u00f8rgen Hallingstad.<\/p>\n<p>&#8211;\u00a0\u00a0\u00a0\u00a0\u00a0\u00a0\u00a0\u00a0\u00a0 Vannstanden i august var g\u00e5tt ned hele en og en halv meter. Samtidig var\u00a0vannf\u00f8ringen ved Kongsberg meget stor. Leder for Driftssamarbeid i Numedal, Jan\u00a0Gaute Bjerke ble kontaktet pr. mail. Han mente de man\u00f8vrerte innenfor reglementet og\u00a0\u00a0 videresendte mailen til Statskrafts produksjonsavdeling i region \u00d8st.<\/p>\n<p>1.\u00a0\u00a0\u00a0\u00a0\u00a0\u00a0\u00a0\u00a0 Skil\u00f8yper<\/p>\n<p>Det er sendt s\u00f8knad til Nore og Uvdal kommune om oppkj\u00f8ring av skil\u00f8yper p\u00e5 Vestfjellet. Fra styret jobber John Stordalen aktivt med denne saken.<\/p>\n<p>2.\u00a0\u00a0\u00a0\u00a0\u00a0\u00a0\u00a0\u00a0 Kontakt med grunneierne<\/p>\n<p>Det er et \u00f8nske om \u00e5 f\u00e5 grunneierne mer aktivt med i Tunhovdfjordens venner.<\/p>\n<p>Formannen tar kontakt med aktuelle personer.<\/p>\n<p>3.\u00a0\u00a0\u00a0\u00a0\u00a0\u00a0\u00a0\u00a0 Elektronisk m\u00e5lt vannstand<\/p>\n<p>Det kom forslag om daglig \u00e5 f\u00e5 m\u00e5l for vannstand publisert i butikkene i \u00d8ygardsgrend og Tunhovd. Dette vil v\u00e6re en god service til alle som har tilh\u00f8righet i milj\u00f8et rundt Tunhovdfjorden.<\/p>\n<p>4.\u00a0\u00a0\u00a0\u00a0\u00a0\u00a0\u00a0\u00a0 \u00c5rsm\u00f8te 2009<\/p>\n<p>Det ble vedtatt at \u00e5rsm\u00f8tet holdes tirsdag 7. april kl. 1800 i Tunhovd Samfunnshus.<\/p>\n<p>Lier 5. oktober 2008<\/p>\n<p>Halvor Bj\u00f8rnsrud<\/p>\n<p>sekret\u00e6r<\/p>\n","protected":false},"excerpt":{"rendered":"<p>STYREM\u00d8TE 30. SEPTEMBER KL. 1800 Det er innkalt til styrem\u00f8te i Tunhovdfjordens venner tirsdag den 30. september kl.1800\u00a0 i Fjellvang, \u00d8ygardsgrend. P\u00e5 dagsorden st\u00e5r oppsummering av junim\u00f8tet og dr\u00f8fting av framtidsperspektiver i arbeidet med Tunhovdfjordens ve og vel. Ole-J\u00f8rgen Hallingstad og Finn-Erik Vinje redegj\u00f8r for m\u00f8tet i august med Landssamanslutninga av vassdragskommunar. P\u00e5 dette m\u00f8tet, [&hellip;]<\/p>\n","protected":false},"author":1,"featured_media":0,"parent":2,"menu_order":3,"comment_status":"open","ping_status":"open","template":"","meta":{"_monsterinsights_skip_tracking":false,"_monsterinsights_sitenote_active":false,"_monsterinsights_sitenote_note":"","_monsterinsights_sitenote_category":0,"footnotes":""},"class_list":["post-16","page","type-page","status-publish","hentry"],"_links":{"self":[{"href":"http:\/\/www.finnerikvinje.no\/tunhovdfjorden\/index.php?rest_route=\/wp\/v2\/pages\/16"}],"collection":[{"href":"http:\/\/www.finnerikvinje.no\/tunhovdfjorden\/index.php?rest_route=\/wp\/v2\/pages"}],"about":[{"href":"http:\/\/www.finnerikvinje.no\/tunhovdfjorden\/index.php?rest_route=\/wp\/v2\/types\/page"}],"author":[{"embeddable":true,"href":"http:\/\/www.finnerikvinje.no\/tunhovdfjorden\/index.php?rest_route=\/wp\/v2\/users\/1"}],"replies":[{"embeddable":true,"href":"http:\/\/www.finnerikvinje.no\/tunhovdfjorden\/index.php?rest_route=%2Fwp%2Fv2%2Fcomments&post=16"}],"version-history":[{"count":8,"href":"http:\/\/www.finnerikvinje.no\/tunhovdfjorden\/index.php?rest_route=\/wp\/v2\/pages\/16\/revisions"}],"predecessor-version":[{"id":52,"href":"http:\/\/www.finnerikvinje.no\/tunhovdfjorden\/index.php?rest_route=\/wp\/v2\/pages\/16\/revisions\/52"}],"up":[{"embeddable":true,"href":"http:\/\/www.finnerikvinje.no\/tunhovdfjorden\/index.php?rest_route=\/wp\/v2\/pages\/2"}],"wp:attachment":[{"href":"http:\/\/www.finnerikvinje.no\/tunhovdfjorden\/index.php?rest_route=%2Fwp%2Fv2%2Fmedia&parent=16"}],"curies":[{"name":"wp","href":"https:\/\/api.w.org\/{rel}","templated":true}]}}

Referat styremøte 30.09.08

<p>STYREMØTE 30. SEPTEMBER KL. 1800</p>
<p>Det er innkalt til styremøte i Tunhovdfjordens venner tirsdag den 30. september kl.1800  i Fjellvang, Øygardsgrend.</p>
<p>På dagsorden står oppsummering av junimøtet og drøfting av framtidsperspektiver i arbeidet med Tunhovdfjordens ve og vel.</p>
<p>Ole-Jørgen Hallingstad og Finn-Erik Vinje redegjør for møtet i august med Landssamanslutninga av vassdragskommunar. På dette møtet, som ble holdt i Oslo, deltok også ordfører Kirsten Gjestemoen Hovda.</p>
<p>Finn-Erik Vinje<br />
formann</p>
<p>REFERAT FRA STYREMØTE  30.9.2008</p>
<p>Dato og klokkeslett:</p>
<p>30. september 2008 kl 1800 – 2000</p>
<p>Sted:</p>
<p>Fjellvang i Øygardsgrend</p>
<p>Til stede:</p>
<p>Finn-Erik Vinje, Arnt Jacobsen, Jorunn Andersen, John Stordalen og Halvor Bjørnsrud</p>
<p>Informasjon</p>
<p>&#8211;          Formannen informerte om møtet med Landssammenslutningen av  vassdragskommunene (LVK). Med på møtet var også ordfører Kirsten Gjestemoen Hovda og styremedlem Ole Jørgen Hallingstad.</p>
<p>&#8211;          Vannstanden i august var gått ned hele en og en halv meter. Samtidig var vannføringen ved Kongsberg meget stor. Leder for Driftssamarbeid i Numedal, Jan Gaute Bjerke ble kontaktet pr. mail. Han mente de manøvrerte innenfor reglementet og   videresendte mailen til Statskrafts produksjonsavdeling i region Øst.</p>
<p>1.         Skiløyper</p>
<p>Det er sendt søknad til Nore og Uvdal kommune om oppkjøring av skiløyper på Vestfjellet. Fra styret jobber John Stordalen aktivt med denne saken.</p>
<p>2.         Kontakt med grunneierne</p>
<p>Det er et ønske om å få grunneierne mer aktivt med i Tunhovdfjordens venner.</p>
<p>Formannen tar kontakt med aktuelle personer.</p>
<p>3.         Elektronisk målt vannstand</p>
<p>Det kom forslag om daglig å få mål for vannstand publisert i butikkene i Øygardsgrend og Tunhovd. Dette vil være en god service til alle som har tilhørighet i miljøet rundt Tunhovdfjorden.</p>
<p>4.         Årsmøte 2009</p>
<p>Det ble vedtatt at årsmøtet holdes tirsdag 7. april kl. 1800 i Tunhovd Samfunnshus.</p>
<p>Lier 5. oktober 2008</p>
<p>Halvor Bjørnsrud</p>
<p>sekretær</p>

<p>STYREMØTE 30. SEPTEMBER KL. 1800 Det er innkalt til styremøte i Tunhovdfjordens venner tirsdag den 30. september kl.1800  i Fjellvang, Øygardsgrend. På dagsorden står oppsummering av junimøtet og drøfting av framtidsperspektiver i arbeidet med Tunhovdfjordens ve og vel. Ole-Jørgen Hallingstad og Finn-Erik Vinje redegjør for møtet i august med Landssamanslutninga av vassdragskommunar. På dette møtet, [&hellip;]</p>
